e prime factors of x.
2, 13
Let g = 4 + 2. Suppose 9 = 5*l - g. Let j = 20 - l. List the prime factors of j.
17
Suppose 5*c + 24 - 49 = 0. Suppose 0 = -4*j + 5*y + 14 + 177, -c*y = -3*j + 142. What are the prime factors of j?
7
Suppose -3*r - t + 4701 = -3440, 4*r - 10863 = -3*t. List the prime factors of r.
2, 3, 113
Let a be -9*(-4)/12*1. Let u(z) = -a + z**3 - 20*z**2 + 8*z + 1 + 31*z**2. What are the prime factors of u(-10)?
2, 3
Suppose -827 = -3*v + 16. Let z = 540 - v. List the prime factors of z.
7, 37
What are the prime factors of (5 + 6948/45)/(1/5)?
797
What are the prime factors of 28/126 - -15874*(-5)/(-45)?
2, 3, 7
Let z(g) = 45*g - 95. List the prime factors of z(7).
2, 5, 11
Suppose -2*o = -0*o + 2*m - 26, 5*o - 61 = -3*m. Suppose -2*k + 33 = -o. What are the prime factors of (-4)/k - 620/(-22)?
2, 7
Let i be 20/(-4 - 0)*-1. Suppose -4*p + i = 3*u - 8, 5*p + 17 = u. Suppose 4*t = u*t - 75. What are the prime factors of t?
5
Let y(v) = -v + 1. Let p be y(-3). Suppose 4*w = -4*j + 96 - 24, p*w = -3*j + 54. List the prime factors of j.
2, 3
Let a be ((-705)/10)/((-9)/12). Let m = -5 + a. List the prime factors of m.
89
Let i = 1310 + -720. List the prime factors of i.
2, 5, 59
Suppose 0 = 2*j - h + 3*h + 28, 4*h = -5*j - 74. Let w = j + 15. List the prime factors of 423/12 + w/12.
5, 7
Suppose -17 = 2*m + 9. Let d = -5 - m. Let c = -6 + d. List the prime factors of c.
2
Suppose 0 = 7*i - 11*i, -5*f + 4*i = -4225. What are the prime factors of f?
5, 13
Let j(o) = 88 + 9*o - 117 + o**2 - 10*o. What are the prime factors of j(-10)?
3
Suppose -3 = q, -18*q + 1865 = 4*d - 17*q. List the prime factors of d.
467
Suppose -l + 2 = -1. Suppose -11 = l*x - 95. Suppose -2*y + x + 2 = 0. What are the prime factors of y?
3, 5
Suppose -5*i + 5 = -2*k, 0*k + 1 = -k + 3*i. What are the prime factors of (-5 - 38/k)*(0 - 70)?
2, 3, 7
Let j(x) = -173*x - 177. What are the prime factors of j(-13)?
2, 7, 37
Let a(c) = 84*c - 14. List the prime factors of a(4).
2, 7, 23
Let z(r) = -2*r**3 - 12*r**2 - 17*r + 6. List the prime factors of z(-9).
3, 5, 43
Suppose -n - 2*k = -672, -5*n + 6*n + 3*k - 667 = 0. List the prime factors of n.
2, 11, 31
Let m = -28 - -46. Let k = 22 - m. Suppose -3*f - 21 = -k*j - 0*j, -j + 2*f = 1. What are the prime factors of j?
3
Let z(a) be the second derivative of -87*a**5/20 + a**4/12 - a**3/3 - 3*a**2/2 - 26*a. List the prime factors of z(-1).
3, 29
Suppose a - 3*n + 2 = 0, -3*a - 5*n - 6 = -0*n. What are the prime factors of -3*(a - -3)*-33?
3, 11
Suppose 0 = 38*o - 33*o + 10. What are the prime factors of -2*((-69)/6 - o)?
19
Suppose 27*g + 19523 = 80840. What are the prime factors of g?
3, 757
Let q be 52/(-2) + 5 + -9. Let z be q/20*(-4)/(-6). Let o = z + 60. List the prime factors of o.
59
Suppose 6*j - 3*j - 36 = 0. Suppose j*s + 103 - 4099 = 0. What are the prime factors of s?
3, 37
Suppose -2*g = 2*w - 50, -4*w - 13 - 34 = -3*g. Let z(t) = -t**3 + t**2 - 4*t + 5. Let n be z(2). Let v = g - n. What are the prime factors of v?
2, 7
Let g = -2523 - -5005. What are the prime factors of g?
2, 17, 73
List the prime factors of 7 + -1 - (3508/(-4) - 4).
887
Suppose 2*v + 0*g = -4*g - 20, 3*v + 3*g = -15. Suppose v = 4*a - 50 + 10. Let b = -6 + a. List the prime factors of b.
2
Let v be 0*2/(-6) - 9. Let k(b) = -2*b - 10. Let p be k(v). Suppose -4*d + 152 = 4*m - p*d, 91 = 2*m - 5*d. What are the prime factors of m?
3, 11
Suppose 25 = 5*h, -h - 1 - 30 = -o. Suppose o*i - 128 = 28*i. List the prime factors of i.
2
Let n be -10 + (-5 - -2) + 2. Let b = n + 43. What are the prime factors of b?
2
Let w(t) = -t**2 + 10*t + 12. Let s be w(11). Suppose 5*a - 55 = -0*g - g, -a = s. List the prime factors of g.
2, 3, 5
Let k = 24 - -1952. What are the prime factors of k?
2, 13, 19
Suppose 4*p = 2149 - 381. What are the prime factors of p?
2, 13, 17
List the prime factors of (-7693)/(-3) - 10/(-6).
2, 1283
Let q(l) = l**2 - 14*l. Let n be q(14). List the prime factors of (11 + n)/((-8)/(-56)).
7, 11
Let z = 262 + -673. Let s = -278 - z. What are the prime factors of s?
7, 19
Let l(f) = -2*f**2 - 8*f + 1. Let q be l(-6). Let u be q/(((-4)/(-1))/4). Let y = u + 71. List the prime factors of y.
2, 3
Let n(t) = -3*t**2 + 3 + 5*t**3 + 2*t + 0 - 4. Let f(l) = l**3 - 17*l**2 + 55*l - 10. Let s be f(4). What are the prime factors of n(s)?
31
Suppose s = -0*s, -y + 1 = -s. List the prime factors of 525/(-14)*(y + -3) + 1.
2, 19
Suppose 2741 = 4*k - 5*j, j - 2*j = 3*k - 2051. Suppose -3*g = 3*m - 2*m - 129, -5*m - 2*g + k = 0. What are the prime factors of m?
2, 3, 23
Let r(n) = -2*n**2 + 9*n + 3. Let w be r(4). Suppose w*l = 1110 - 361. List the prime factors of l.
107
Let d = 23 + 18. List the prime factors of d.
41
Suppose -5*h - 12 = -9*h. Suppose 360 = 5*q - 5*d, -5*q + 4*d + 352 = h*d. What are the prime factors of q?
2, 5, 7
Let b = 154 + -112. Let x be ((-2)/4)/((-1)/58). Let p = b - x. What are the prime factors of p?
13
Suppose 8*v + 2504 = 16*v. What are the prime factors of v?
313
Suppose 2*k - 4*n = 142, -2 = 4*n + 2. Suppose 70*r - k*r - 182 = 0. List the prime factors of r.
2, 7, 13
Let j = 7 - -1. Let l be 18 + (-4)/j*2. Suppose 0*o + 9 = -3*o, n - 5*o = l. What are the prime factors of n?
2
Suppose -2704 = -31*g + 1295. What are the prime factors of g?
3, 43
Suppose 6*g + 3 = 39. Let s be (-15)/((-2)/(8/3)). What are the prime factors of s/2 - g/3?
2
Let b(d) = 24*d**3 - 2*d**2 - d + 1. Let w be b(2). What are the prime factors of w + 9 + (-3 - 2)?
11, 17
Suppose 2*z - 1316 = -2*z + 5*q, -3*z = q - 1006. List the prime factors of z.
2, 167
Let a be (-8)/(-12) + 50/15. Suppose 3 = -f, -a*f = x - 82 - 21. List the prime factors of x.
5, 23
Suppose -4*l + w + 4 = 0, 3*w - 11 = 2*l - 3. Suppose 4*s + l*v = 2*s - 42, -2*v = s + 17. Let z = 28 - s. What are the prime factors of z?
53
Let z(s) = -5*s**3 - 2*s**2 - 3*s - 2. Let j be 2/(-7 + 3 - -2). Let i be z(j). Suppose 23 = i*w + 3. List the prime factors of w.
5
Let n = 115 - 45. Suppose 2*j = f + 75, n + 45 = 3*j + f. Suppose 114 = 4*b + j. What are the prime factors of b?
19
Let d = -8 - -10. Suppose -d*s + 5*b - 32 = -5*s, 14 = s + 5*b. What are the prime factors of 10/(-45) - (-38)/s?
2
Let q be 5/(455/14) - (-271)/13. Let u(w) = w**3 - 20*w**2 - 18*w + 45. List the prime factors of u(q).
2, 3
Let y(f) = 7*f + 11. Let g be y(7). Suppose -g = -3*w - w. Let z = 29 - w. List the prime factors of z.
2, 7
Let r be (-8)/12 + 16/(-12). Let t be (-2)/(1/(-4 - r)). Suppose 3*c = -h + 38, 61 = 4*c + c + t*h. What are the prime factors of c?
13
Let y(l) = l**3 - 12*l**2 - 15*l + 16. Let w(r) = -r**3 - 2*r**2 + 4*r - 4. Let f be w(-4). Let z be y(f). What are the prime factors of 1/(-3) - z/6?
3
Suppose 0 = 5*b, -3*t - b + 5*b + 6705 = 0. What are the prime factors of t?
3, 5, 149
Let n = 151 + -127. List the prime factors of n.
2, 3
Let g(l) = -2*l + 15. Let y be g(-16). Let r(i) = -31*i + 1 + 60*i - 28*i - y*i**3. List the prime factors of r(-1).
47
Suppose -4*h = 194 - 414. What are the prime factors of h?
5, 11
Let k = -76 + 79. Suppose -4*l = -5*j + k*j - 212, -5*j = -20. What are the prime factors of l?
5, 11
Let r(m) = -m**3 + 5*m**2 + 6*m + 2. Let n be r(6). Let b be 9*3 + (n - 2). Suppose 0*t - b = -t. List the prime factors of t.
3
Let g(p) be the first derivative of 19*p**3/3 + 2*p**2 + 7*p + 25. What are the prime factors of g(-3)?
2, 83
Let f be 2*-2*(-1)/4. List the prime factors of 3 + (-18)/(-1) + f.
2, 11
Suppose 6 = -5*p - 19, 5*l = -2*p + 1135. What are the prime factors of l?
229
Suppose -627 = 28*b - 31*b. List the prime factors of b.
11, 19
Let r be 4 - (-1 - (-4 - -4)). Suppose 2*v + r*w + 43 - 147 = 0, -4*w = 0. What are the prime factors of v?
2, 13
Suppose 0 = 4*i - i - 12. Let q be (2/(-35))/((-2)/(-30))*-7. List the prime factors of 34 - q/((-8)/i).
37
Let l = -303 - -757. What are the prime factors of l?
2, 227
Let c be 20/9 - (-2)/(-9). Suppose 4 = q, 4*q + 75 = j + c*q. List the prime factors of j.
83
Suppose -72*v = -69*v - 2202. List the prime factors of v.
2, 367
Suppose -5*r - 550 = -2*n, 0*n - 123 = r - 3*n. Let v = r + 166. What are the prime factors of v?
2, 29
Suppose -w - 2*w - 6 = 0, -2*r - 2*w + 92 = 0. Let y = r - -18. Suppose y = 4*v - 2*i, 